5 divide 205030?
True
Is 327635 a multiple of 185?
True
Is 68 a factor of 166941?
False
Is 10 a factor of 35190?
True
Is 5 a factor of 71956?
False
Does 15 divide 892305?
True
Is 71 a factor of 1278355?
True
Is 372 a factor of 127369?
False
Does 18 divide 238302?
True
Is 16 a factor of 18112?
True
Is 270 a factor of 9682302?
False
Is 2 a factor of 47084?
True
Is 9 a factor of 2932294?
False
Is 8 a factor of 4476640?
True
Is 24145738 a multiple of 620?
False
Is 197 a factor of 340468?
False
Is 72 a factor of 114610?
False
Does 175 divide 1710800?
True
Does 21 divide 680883?
True
Is 98 a factor of 5971015?
False
Does 1772 divide 14179544?
True
Is 14 a factor of 117082?
True
Does 40 divide 10561800?
True
Is 6 a factor of 15798?
True
Is 68 a factor of 821916?
True
Is 1049 a factor of 21072312?
True
Is 10 a factor of 35120?
True
Does 7 divide 1471179?
False
Does 1027 divide 4489017?
True
Is 186 a factor of 13020?
True
Does 62 divide 23994?
True
Is 204120 a multiple of 54?
True
Is 715 a factor of 31460?
True
Does 107 divide 47722?
True
Is 13 a factor of 96135?
True
Is 1559 a factor of 2193869?
False
Does 19 divide 434081?
False
Does 39 divide 1047347?
False
Does 92 divide 11218480?
True
Is 13 a factor of 19087?
False
Is 81250 a multiple of 50?
True
Is 7 a factor of 5082?
True
Does 5 divide 263490?
True
Is 62 a factor of 3696171?
False
Is 3019380 a multiple of 15?
True
Is 9057 a multiple of 3?
True
Is 15 a factor of 364470?
True
Is 1238808 a multiple of 71?
True
Is 3679108 a multiple of 31?
False
Is 694 a factor of 1544150?
True
Is 719 a factor of 165370?
True
Is 340 a factor of 1955234?
False
Does 53 divide 469140?
False
Is 43 a factor of 235081?
True
Does 39 divide 136832?
False
Is 2660398 a multiple of 17?
True
Does 635 divide 395605?
True
Does 6 divide 325978?
False
Does 5 divide 650435?
True
Is 121 a factor of 178034?
False
Is 3732510 a multiple of 69?
False
Does 13 divide 168947?
False
Is 995995 a multiple of 35?
True
Does 439 divide 10591314?
True
Does 43 divide 2127898?
True
Is 137851 a multiple of 17?
False
Is 11076 a multiple of 10?
False
Does 50 divide 845200?
True
Is 220 a factor of 14421383?
False
Is 856518 a multiple of 13?
True
Is 1272163 a multiple of 1097?
False
Is 73 a factor of 538954?
False
Is 8 a factor of 3528659?
False
Does 143 divide 813096?
False
Is 259 a factor of 952861?
True
Does 331 divide 372375?
True
Is 17 a factor of 7691421?
False
Is 1314127 a multiple of 124?
False
Is 26 a factor of 2844621?
False
Is 106782 a multiple of 37?
True
Is 330 a factor of 1161314?
False
Is 13 a factor of 81250?
True
Is 69 a factor of 112386?
False
Is 781 a factor of 1335510?
True
Is 458800 a multiple of 775?
True
Is 51600 a multiple of 60?
True
Is 421958 a multiple of 303?
False
Is 34295 a multiple of 85?
False
Is 179291 a multiple of 11?
False
Is 56 a factor of 284832?
False
Is 7 a factor of 9320269?
True
Does 15 divide 17491530?
True
Is 4041871 a multiple of 52?
False
Is 8 a factor of 599280?
True
Is 389 a factor of 1978065?
True
Does 2065 divide 19173525?
True
Does 31 divide 4758035?
True
Does 55 divide 102135?
True
Is 1003920 a multiple of 534?
True
Is 1798368 a multiple of 352?
True
Does 307 divide 8022217?
True
Is 75498 a multiple of 21?
False
Does 18 divide 4435740?
True
Does 83 divide 762074?
False
Is 233184 a multiple of 16?
True
Is 2376166 a multiple of 13?
True
Does 8 divide 5468608?
True
Is 3421613 a multiple of 13?
True
Is 3127942 a multiple of 6?
False
Does 33 divide 64251?
True
Is 4075475 a multiple of 683?
False
Is 15 a factor of 250890?
True
Is 7213869 a multiple of 677?
False
Is 653 a factor of 325390?
False
Is 12342 a multiple of 3?
True
Does 40 divide 10315?
False
Does 125 divide 115000?
True
Does 160 divide 324988?
False
Does 20 divide 395724?
False
Is 14 a factor of 25752?
False
Is 6447660 a multiple of 10?
True
Does 24 divide 4570129?
False
Does 66 divide 959046?
True
Is 8 a factor of 94928?
True
Is 230 a factor of 132020?
True
Does 24 divide 432?
True
Does 144 divide 522000?
True
Is 9 a factor of 9417833?
False
Does 52 divide 2176207?
False
Is 1206019 a multiple of 59?
True
Is 7992981 a multiple of 2432?
False
Does 10 divide 300478?
False
Is 8 a factor of 430128?
True
Does 317 divide 413685?
True
Is 48 a factor of 496752?
True
Does 175 divide 5442257?
False
Is 48 a factor of 14849?
False
Does 120 divide 3649800?
True
Is 513852 a multiple of 11?
False
Does 432 divide 35382?
False
Is 636882 a multiple of 243?
False
Is 84 a factor of 3312720?
False
Does 72 divide 29016?
True
Is 10 a factor of 61598?
False
Is 3908 a multiple of 109?
False
Is 130130 a multiple of 13?
True
Does 180 divide 1361350?
False
Is 29 a factor of 863258?
False
Is 26 a factor of 311791?
False
Is 650384 a multiple of 28?
True
Is 778 a factor of 31059316?
True
Does 178 divide 2497821?
False
Is 746 a factor of 13206438?
True
Does 1908 divide 8616528?
True
Does 714 divide 6504475?
False
Is 142 a factor of 417054?
True
Does 10 divide 129148?
False
Is 523205 a multiple of 10?
False
Is 2635148 a multiple of 38?
True
Does 11 divide 12902?
False
Is 32538 a multiple of 66?
True
Does 3 divide 4628589?
True
Is 908 a factor of 3313694?
False
Is 102 a factor of 157794?
True
Is 22638440 a multiple of 20?
True
Is 172 a factor of 57131?
False
Does 852 divide 489900?
True
Does 13 divide 1049781?
False
Does 96 divide 6961583?
False
Is 428 a factor of 489204?
True
Is 125972 a multiple of 308?
True
Is 232599 a multiple of 18?
False
Is 389 a factor of 24906?
False
Is 17 a factor of 167182?
False
Is 16 a factor of 492115?
False
Is 34 a factor of 489619?
False
Is 242136 a multiple of 27?
True
Is 144 a factor of 28187?
False
Is 87 a factor of 598734?
True
Does 1207 divide 429692?
True
Is 59 a factor of 4910629?
True
Is 635 a factor of 4781170?
False
Is 1821614 a multiple of 64?
False
Is 31 a factor of 109410?
False
Is 20 a factor of 20700?
True
Does 35 divide 1115535?
False
Is 230464 a multiple of 124?
False
Is 99581 a multiple of 8?
False
Is 52 a factor of 2800?
False
Does 22 divide 56188?
True
Is 2562729 a multiple of 12?
False
Does 21 divide 303156?
True
Is 284126 a multiple of 38?
True
Is 56 a factor of 4233454?
False
Is 24 a factor of 13947121?
False
Does 440 divide 3154419?
False
Is 4486 a multiple of 131?
False
Is 107 a factor of 244216?
False
Is 16 a factor of 80590?
False
Is 50190 a multiple of 17?
False
Is 1100128 a multiple of 992?
True
Does 15 divide 4718850?
True
Is 71456 a multiple of 77?
True
Does 111 divide 19891?
False
Does 139 divide 3893946?
True
Is 1225510 a multiple of 22?
True
Does 23 divide 2407584?
False
Does 46 divide 102187?
False
Is 331 a factor of 12290379?
False
Does 6 divide 2989939?
False
Is 18 a factor of 22014?
True
Is 255113 a multiple of 551?
True
Is 81796 a multiple of 13?
True
Is 253 a factor of 3970076?
True
Is 17 a factor of 17983?
False
Does 63 divide 82996?
False
Is 31462545 a multiple of 19?
False
Is 9 a factor of 974205?
True
Is 140114 a multiple of 17?
True
Is 2293261 a multiple of 14?
False
Is 46 a factor of 5905291?
False
Does 65 divide 371085?
True
Is 9 a factor of 20080980?
True
Does 111 divide 2002440?
True
Is 613796 a multiple of 192?
False
Does 77 divide 7995526?
True
Is 219630 a multiple of 202?
False
Does 162 divide 441030?
False
Is 375179 a multiple of 336?
False
Is 96963 a multiple of 5?
False
Does 7 divide 3468010?
True
Is 206 a factor of 2097904?
True
Is 4442941 a multiple of 18?
False
Does 76 divide 575939?
False
Is 104 a factor of 2528864?
True
Is 387 a factor of 63173?
False
Is 376968 a multiple of 8?
True
Does 607 divide 137659?
False
Is 137 a factor of 235402?
False
Does 3 divide 2456493?
True
Is 399041 a multiple of 10?
False
Is 41 a factor of 801878?
True
Does 78 divide 33440741?
False
Is 236443 a multiple of 6?
False
Is 1768 a factor of 6833320?
True
Does 26 divide 338234?
True
Is 298 a factor of 9752770?
False
Is 30 a factor of 231644?
False
Does 43 divide 523779?
False
Is 19 a factor of 352797?
False
Is 15 a factor of 3299855?
False
Is 54 a factor of 819288?
True
Is 606 a factor of 823156?
False
Does 10 divide 7600450?
True
Does 65 divide 3360435?
True
Does 266 divide 10649842?
True
Is 30 a factor of 2447100?
True
Does 35 divide 21624155?
True
Is 3292018 a multiple of 425?
False
Does 41 divide 671621?
T